, 269
Suppose 4*y - 80 - 20 = 4*g, 0 = 2*y + g - 62. Suppose 530 = -y*q + 34*q. What are the prime factors of q?
2, 53
Suppose -4*z = -4*w - 3*z + 7657, 7666 = 4*w + 2*z. What are the prime factors of w?
5, 383
Let l(o) = 26 - 68 - 23*o + 13 + 13. What are the prime factors of l(-5)?
3, 11
Let n(k) = 152*k + 5. Let q be n(2). Suppose 4*v - 5*o = q, 4*o + 5 = 3*o. List the prime factors of v.
71
Suppose 253 = 21*l - 20*l. List the prime factors of l.
11, 23
Let s = -6 + 98. Let f = s + -47. List the prime factors of f.
3, 5
Let x = -23 + -9. Let v = 37 + x. Suppose 2*l = -v*f + 81, 8*f - 2*l = 3*f + 89. List the prime factors of f.
17
Suppose -2*z - 6876 = -20*z. What are the prime factors of z?
2, 191
Let u(m) = 24*m + 7. Let i(s) = s + 1. Let h(x) = 4*i(x) - u(x). What are the prime factors of h(-1)?
17
Let w(i) be the first derivative of i**4/4 + 2*i**3/3 - i**2/2 + 4*i - 8. Let p be w(0). Suppose -9*r + 210 = -p*r. What are the prime factors of r?
2, 3, 7
Let r be 26/((-36)/(-15) - 6/15). Suppose -3*c + r + 8 = k, c = -k + 5. List the prime factors of c.
2
Let g be (-1 - -3) + 0 - 1. Let w(z) = -25*z**2. Let i be w(g). Let u = i + 37. List the prime factors of u.
2, 3
Suppose -2*h + 258 = 2*l, -l + 3*l + h - 255 = 0. Suppose -4*b = -t - 526, -t = 2*b - 140 - l. What are the prime factors of b?
2, 3, 11
Let s = -1618 - -2381. List the prime factors of s.
7, 109
Suppose 4*y + 0*y = 3*y. Suppose -5*t - 3*a + 432 = 0, y*a = -4*t + a + 349. List the prime factors of t.
3, 29
Let r(b) = -16 + 0*b + 12*b - 32 - 5. List the prime factors of r(16).
139
What are the prime factors of 2 + 5 + 1 + 915?
13, 71
Let r = -20 - -20. Let y = r + 4. Let a = 19 - y. What are the prime factors of a?
3, 5
Let v(r) = 2*r**3 - 9*r**2 + 25*r + 23. What are the prime factors of v(12)?
13, 191
Suppose -5*u + 31 = -14. Let v be (-8)/36 - (-47)/u. Suppose v*m = -3*k + 21, -k - k = -2*m - 14. List the prime factors of k.
7
Suppose -2*h + 19 + 45 = c, -3*c = 4*h - 126. What are the prime factors of h/3 + (0 - 0)?
11
Suppose 0 = -39*b + 35*b + 1752. Suppose 10*i = 1062 + b. What are the prime factors of i?
2, 3, 5
Let k(m) = -4*m**2 + 8*m + 485. What are the prime factors of k(0)?
5, 97
Suppose 9*h = 7*h + 8. Suppose -3*o + 8*o - 15 = -3*b, 12 = h*o + 5*b. Suppose 2*k - 38 = 5*s - o*s, -s + 32 = 2*k. What are the prime factors of k?
17
Let o = 25 - 23. List the prime factors of ((-10)/5)/o - -218.
7, 31
Let n(d) = 3*d**3 + 6*d + 5. Let q be n(-5). Let b be ((-1)/(-2))/((-5)/q). Suppose b = -4*o + 196. What are the prime factors of o?
3, 13
Let g(d) = -d - 11. Let q be g(-8). Let x be 2*q/2 + 12. Suppose 7*u + 44 = x*u. What are the prime factors of u?
2, 11
Let q(v) = -6*v - 5. Let z be q(-2). Suppose 0 = 2*k - z*k, -b + 5*k + 30 = 0. What are the prime factors of b?
2, 3, 5
Suppose 10*w - 9*w = 3. Suppose -y - 4*p + 33 = -0*y, -w*y = p - 121. List the prime factors of y.
41
List the prime factors of 185*2 + (-6)/(-14)*7.
373
Suppose -12 = -2*o - 2. Suppose 2*t - o*t = 0. Suppose t = -3*m - 2*u + 71, 44 = 6*m - 4*m - 2*u. List the prime factors of m.
23
List the prime factors of 8190/40 + -7 + (-2)/(-8).
2, 3, 11
Suppose 2*a - 1376 = 4*s - 32, 671 = a - s. What are the prime factors of a?
2, 5, 67
Suppose -4244 = -7*h + 2224. List the prime factors of h.
2, 3, 7, 11
Let n be -753 + 3 + 3/(-3)*2. Let g = -430 - n. List the prime factors of g.
2, 7, 23
What are the prime factors of ((-2)/(-6))/(49/1029)?
7
Suppose 739 = 12*g - 5165. What are the prime factors of g?
2, 3, 41
Suppose -3751 = -5*k + 2*s, -k = s - 3*s - 747. List the prime factors of k.
751
Suppose i - 336 - 912 = -3*k, 2*i - 2506 = -4*k. What are the prime factors of i?
3, 421
Suppose 3*c - 5*o - 25 = -o, 3*o = -5*c + 3. Suppose -2*b + 4 = d, -c*d + 5*b + 20 = 2*d. Let x(a) = 14*a - 10. List the prime factors of x(d).
2, 23
Suppose 11*g - 3312 = -12*g. What are the prime factors of g?
2, 3
Let z(i) = -i**3 + 4*i**2 - i - 1. Let t be z(3). Let k(s) = -5*s + 3. Let c(v) = -4*v + 3. Let f(q) = t*k(q) - 4*c(q). List the prime factors of f(-4).
3, 13
Let c(l) = 924*l - 37. What are the prime factors of c(2)?
1811
Let b(c) = 4*c + 3. Let y be b(1). Suppose -11 - y = -3*q + 4*k, 2*q - 7 = k. What are the prime factors of q?
2
Suppose 0 = -19*u + 25*u - 1404. List the prime factors of u.
2, 3, 13
Let o = 566 + 1609. List the prime factors of o.
3, 5, 29
Suppose 0 = 3*o - 947 - 517. What are the prime factors of o?
2, 61
Let o = -18 - -8. Suppose -34 = -4*c - 98. Let f = o - c. List the prime factors of f.
2, 3
What are the prime factors of 5*42/245*623?
2, 3, 89
Let q = -3 + 13. Suppose -12*s + q*s = 18. List the prime factors of (-444)/s + (-6)/18.
7
Let a(h) = 3*h**2 - 2*h + 1. Let b be a(3). Let l = -17 + b. Suppose -4*n + 119 = -l*r, -5*n + 129 + 26 = -5*r. List the prime factors of n.
2, 3
Let o(x) = -3*x - 5. Let h be o(-6). Let t(q) = -q**2 + 17*q - 6. What are the prime factors of t(h)?
2, 23
Let g = 152 - 135. What are the prime factors of g?
17
What are the prime factors of (-1)/(-5) + (-34362)/(-90)?
2, 191
Let u be 27*1 + -1 + 0. Let p = -1887 + 1181. List the prime factors of 6/(-39) - p/u.
3
Suppose 0 = -10*f - 37 + 17. Let z(p) = 2 + 2*p**2 + 2*p - 2*p**3 - 2*p**2. List the prime factors of z(f).
2, 7
Suppose z = -2 + 1. Let x(c) = -8*c**3 - c**2 - 2*c. What are the prime factors of x(z)?
3
Let u(m) = 3*m**2 + 5*m + 99. What are the prime factors of u(-17)?
881
Suppose -4*u + 22 = -26. Let g = -18 + u. List the prime factors of (-2)/4 - 99/g.
2
Suppose -l + 6 = l. Suppose 0 = 2*m - v + 3, 4*m - 9 = -3*v. Suppose q + l*q - 112 = m. What are the prime factors of q?
2, 7
Let u(r) = -r**2 + 6*r - 4. Let o be u(5). Let f be -2 + 74/2*o. Suppose 3*t + 4*v = 90, 5*t - f = 4*t - 3*v. List the prime factors of t.
2, 13
Let m(t) = -t + 10. Let o be m(14). Let a be (45/(-20))/(1/o). List the prime factors of 8 + 1 + a/3.
2, 3
Suppose 0 = -3*b - 0*b + 9. Suppose 0 = 17*n - 7*n - 7*n. Suppose n = m - b*m + 10. List the prime factors of m.
5
Let q(a) = 116*a. Let h be q(1). Suppose -16*c = -12*c - h. What are the prime factors of c?
29
Suppose 2*u - 6*u = -24. Suppose 1 = -j + u. Suppose 0*h = -j*h + 240. List the prime factors of h.
2, 3
List the prime factors of (-18 + 20)/(4/182).
7, 13
Let z(s) = -s**3 - 9*s**2 - 34*s - 30. List the prime factors of z(-17).
2, 5, 11, 13
Let u(b) be the second derivative of -b**3/3 - 9*b**2 + 9*b. Let n be u(-10). Suppose 52 = 2*z + n*z. List the prime factors of z.
13
Suppose 77*a = 74*a + 8547. List the prime factors of a.
7, 11, 37
Let c = -42 - -61. What are the prime factors of c + (-3 - -1)/(-2)?
2, 5
Let l(k) = 2*k**2 + 23*k + 29. Let y be (2 - 12/3) + -10. What are the prime factors of l(y)?
41
Let a(p) = p**2 + 15*p + 55. List the prime factors of a(-20).
5, 31
Let u be ((-18)/27)/((-1)/9). Suppose u*v + 2*c - 290 = 3*v, 5*v - 482 = -3*c. List the prime factors of v.
2, 47
Suppose 0 = 4*s - 2220 - 948. List the prime factors of s.
2, 3, 11
Let c = -52 + 27. Suppose 23*r - 21*r + 78 = 0. Let h = c - r. What are the prime factors of h?
2, 7
Suppose 2*t - 2440 + 652 = 0. Suppose t = 7*v + 215. List the prime factors of v.
97
Suppose -13*t + 5*t = -4416. Suppose 4*u - w - w - 440 = 0, -5*u + 3*w + t = 0. List the prime factors of u.
2, 3
Suppose -8*p = -33*p + 10250. What are the prime factors of p?
2, 5, 41
Suppose -3*n + 848 = -3*p - 619, p = 5*n - 2437. What are the prime factors of n?
487
Let j = 28 - 25. Suppose j*l = 14 + 112. List the prime factors of l.
2, 3, 7
Suppose -7*m + 3*m = -24. Suppose -s = m*s - 1652. List the prime factors of s.
2, 59
Suppose -14*c - 2212 = -21*c. List the prime factors of c.
2, 79
Suppose 0*k - b + 735 = 2*k, -3*k - 2*b = -1105. Suppose -3*s + 2*d + 268 = 0, -s = 3*s + 5*d - k. What are the prime factors of s?
2, 3, 5
Suppose r - 7 = 4*n, -11 = -3*n - 2*r + 6*r. Let l be -19*(-4 + (0 - n)). Let f = -17 + l. List the prime factors of f.
2
Let i be (2 + -3 + 3)/((-2)/(-262)). What are the prime factors of -3 + (-5)/((-10)/i)?
2
Let s(q) = -9*q + 4. Suppose 5*z = -4*n - 23, 8*n - 3*n = -5*z - 30. Let l be s(n). Suppose 3*h - l = 83. List the prime factors of h.
2, 5
List the prime factors of ((-25)/10)/(2/(-660)).
3, 5, 11
Let v = -9 - -3